{"id":839,"date":"2026-02-04T16:40:36","date_gmt":"2026-02-04T15:40:36","guid":{"rendered":"http:\/\/alumno05.shopenlaces.com.es\/alumno05wp\/?page_id=839"},"modified":"2026-02-04T16:40:36","modified_gmt":"2026-02-04T15:40:36","slug":"audi-q8-55-tfsi","status":"publish","type":"page","link":"http:\/\/alumno05.shopenlaces.com.es\/alumno05wp\/?page_id=839","title":{"rendered":"Audi Q8 55 TFSI"},"content":{"rendered":"\n<figure class=\"wp-block-image size-full is-resized\"><img loading=\"lazy\" decoding=\"async\" width=\"275\" height=\"183\" src=\"http:\/\/alumno05.shopenlaces.com.es\/alumno05wp\/wp-content\/uploads\/2026\/02\/image-1.png\" alt=\"\" class=\"wp-image-848\" style=\"aspect-ratio:1.5027664072691287;width:501px;height:auto\"\/><\/figure>\n\n\n\n<div class=\"wp-block-stackable-image-box stk-block-image-box stk-hover-parent stk-block stk-e4b5b8d is-style-plain\" data-block-id=\"e4b5b8d\"><div class=\"stk-block-content stk-inner-blocks has-text-align-left stk-row stk-block-image-box__content\">\n<div class=\"wp-block-stackable-image stk-block-image stk-block stk-727b625\" data-block-id=\"727b625\"><style>.stk-727b625 .stk-img-wrapper{width:1000px !important;height:350px !important;}:where(.stk-hover-parent:hover,  .stk-hover-parent.stk--is-hovered) .stk-727b625 .stk-img-wrapper::after{background-color:#000000B3 !important;}<\/style><figure><span class=\"stk-img-wrapper stk-image--shape-stretch\"><img loading=\"lazy\" decoding=\"async\" class=\"stk-img wp-image-818\" src=\"http:\/\/alumno05.shopenlaces.com.es\/alumno05wp\/wp-content\/uploads\/2026\/02\/descarga-15.jpg\" width=\"284\" height=\"177\"\/><\/span><\/figure><\/div>\n\n\n\n<div class=\"wp-block-stackable-column stk-block-column stk-column stk-block stk-2ee575d\" data-v=\"4\" data-block-id=\"2ee575d\"><style>.stk-2ee575d-inner-blocks{justify-content:flex-end !important;}.stk-2ee575d-container{padding-top:32px !important;padding-right:32px !important;padding-bottom:32px !important;padding-left:32px !important;display:flex !important;}<\/style><div class=\"stk-column-wrapper stk-block-column__content stk-container stk-2ee575d-container stk--no-background stk--no-padding\"><div class=\"stk-block-content stk-inner-blocks stk-2ee575d-inner-blocks\">\n<div class=\"wp-block-stackable-subtitle stk-block-subtitle stk-block stk-1228b33\" data-block-id=\"1228b33\"><style>.stk-1228b33 {margin-bottom:8px !important;}.stk-1228b33 .stk-block-subtitle__text{color:#FFFFFF !important;}<\/style><p class=\"stk-block-subtitle__text stk-subtitle has-text-color has-white-color\">SUV premium<\/p><\/div>\n\n\n\n<div class=\"wp-block-stackable-heading stk-block-heading stk-block-heading--v2 stk-block stk-8575211\" id=\"audi-q-8-55-tfsi-br\" data-block-id=\"8575211\"><style>.stk-8575211 .stk-block-heading__text{color:#fffffe !important;}<\/style><h2 class=\"stk-block-heading__text has-text-color has-white-color\">Audi Q8 55 TFSI<br><\/h2><\/div>\n\n\n\n<div class=\"wp-block-stackable-text stk-block-text stk-block stk-769b213\" data-block-id=\"769b213\"><style>.stk-769b213 {margin-bottom:0px !important;opacity:0 !important;}:where(.stk-hover-parent:hover,  .stk-hover-parent.stk--is-hovered) .stk-769b213{opacity:1 !important;}.stk-769b213 .stk-block-text__text{font-size:var(--stk--preset--font-size--medium, 20px) !important;color:#FFFFFF !important;}@media screen and (max-width:999px){.stk-769b213 .stk-block-text__text{font-size:var(--stk--preset--font-size--medium, 20px) !important;}}<\/style><p class=\"stk-block-text__text has-text-color has-white-color\">Ofrece una aceleraci\u00f3n de 0 a 100 km\/h en 5,5-5,9 segundos, destacando por su gran espacio interior, dise\u00f1o deportivo con parrilla redise\u00f1ada, faros Matrix LED y una conducci\u00f3n sofisticada y \u00e1gil.\u00a0<\/p><\/div>\n\n\n\n<div class=\"wp-block-stackable-icon stk-block-icon stk-block stk-1a2833d\" data-block-id=\"1a2833d\"><style>.stk-1a2833d {opacity:0 !important;}:where(.stk-hover-parent:hover,  .stk-hover-parent.stk--is-hovered) .stk-1a2833d{opacity:1 !important;}.stk-1a2833d .stk--svg-wrapper .stk--inner-svg svg:last-child, .stk-1a2833d .stk--svg-wrapper .stk--inner-svg svg:last-child :is(g, path, rect, polygon, ellipse){fill:#FFFFFF !important;}<\/style><span class=\"stk--svg-wrapper\"><div class=\"stk--inner-svg\"><svg style=\"height:0;width:0\"><defs><linearGradient id=\"linear-gradient-1a2833d\" x1=\"0\" x2=\"100%\" y1=\"0\" y2=\"0\"><stop offset=\"0%\" style=\"stop-opacity:1;stop-color:var(--linear-gradient-1-a-2833-d-color-1)\"><\/stop><stop offset=\"100%\" style=\"stop-opacity:1;stop-color:var(--linear-gradient-1-a-2833-d-color-2)\"><\/stop><\/linearGradient><\/defs><\/svg><svg xmlns=\"http:\/\/www.w3.org\/2000\/svg\" viewBox=\"0 0 192 512\" aria-hidden=\"true\" width=\"32\" height=\"32\"><path d=\"M48 80a48 48 0 1 1 96 0A48 48 0 1 1 48 80zM0 224c0-17.7 14.3-32 32-32H96c17.7 0 32 14.3 32 32V448h32c17.7 0 32 14.3 32 32s-14.3 32-32 32H32c-17.7 0-32-14.3-32-32s14.3-32 32-32H64V256H32c-17.7 0-32-14.3-32-32z\"\/><\/svg><\/div><\/span><\/div>\n<\/div><\/div><\/div>\n<\/div><\/div>\n\n\n\n<div class=\"wp-block-stackable-carousel stk-block-carousel stk--is-slide stk--arrows-justify-space-between stk--arrows-align-center stk-block stk-d6944f2\" data-slides-to-show=\"\" data-block-id=\"d6944f2\"><div class=\"stk-block-carousel__content-wrapper\"><div class=\"stk-row stk-inner-blocks stk-block-content stk-block-carousel__slider-wrapper stk-content-align stk-d6944f2-column\"><div class=\"stk-block-carousel__slider\" role=\"list\" data-autoplay=\"4000\" data-label-slide-of=\"Slide %%d of %%d\" tabindex=\"0\">\n<div class=\"wp-block-stackable-column stk-block-column stk-column stk-block stk-0116f41\" data-v=\"4\" data-block-id=\"0116f41\"><div class=\"stk-column-wrapper stk-block-column__content stk-container stk-0116f41-container stk--no-background stk--no-padding\"><div class=\"stk-block-content stk-inner-blocks stk-0116f41-inner-blocks\">\n<p><\/p>\n\n\n\n<div class=\"wp-block-stackable-text stk-block-text stk-block stk-4f32794\" data-block-id=\"4f32794\"><p class=\"stk-block-text__text\">     Caracter\u00edsticas<\/p><\/div>\n\n\n\n<ul class=\"wp-block-list\">\n<li class=\"has-medium-font-size\">Transmisi\u00f3n y Tracci\u00f3n: Autom\u00e1tica de 8 velocidades tiptronic con tracci\u00f3n integral permanente quattro.<\/li>\n\n\n\n<li class=\"has-medium-font-size\">Prestaciones: Aceleraci\u00f3n 0-100 km\/h en ~5.6 &#8211; 5.9 segundos, velocidad m\u00e1xima limitada de 250 km\/h.<\/li>\n\n\n\n<li class=\"has-medium-font-size\">Consumo y Emisiones: Consumo medio WLTP elevado (aprox. 10.4 L\/100km), con emisiones CO\u2082 de 234 g\/km.<\/li>\n\n\n\n<li class=\"has-medium-font-size\">Dise\u00f1o: SUV estilo coup\u00e9 de 4.99 metros de largo, llantas de 20 a 23 pulgadas, luces traseras OLED y parrilla octogonal redise\u00f1ada (modelo 2024).<\/li>\n<\/ul>\n<\/div><\/div><\/div>\n\n\n\n<div class=\"wp-block-stackable-column stk-block-column stk-column stk-block stk-379a712\" data-v=\"4\" data-block-id=\"379a712\"><div class=\"stk-column-wrapper stk-block-column__content stk-container stk-379a712-container stk--no-background stk--no-padding\"><div class=\"stk-block-content stk-inner-blocks stk-379a712-inner-blocks\">\n<figure class=\"wp-block-table has-medium-font-size\"><table class=\"has-black-color has-white-background-color has-text-color has-background has-link-color has-fixed-layout\" style=\"border-width:1px\"><thead><tr><th><\/th><\/tr><\/thead><tbody><tr><td> <strong>CATEGOR\u00cdA<\/strong> :  SUV premium<\/td><\/tr><tr><td><strong>PRODUCTO<\/strong> : SIMPLE\/COMBINADO<\/td><\/tr><tr><td> <strong>REFERENCIA<\/strong> : CB-AUDI-Q8<\/td><\/tr><tr><td><strong>PRECIO<\/strong> : Desde 95.000 \u20ac<\/td><\/tr><tr><td><strong>PDTO. DESTACADO<\/strong> : NO<\/td><\/tr><\/tbody><tfoot><tr><td><\/td><\/tr><\/tfoot><\/table><\/figure>\n<\/div><\/div><\/div>\n<\/div><div class=\"stk-block-carousel__buttons\"><button class=\"stk-block-carousel__button stk-block-carousel__button__prev\" aria-label=\"Previous slide\"><svg aria-hidden=\"true\" focusable=\"false\" data-prefix=\"fas\" data-icon=\"chevron-left\" class=\"svg-inline--fa fa-chevron-left\" xmlns=\"http:\/\/www.w3.org\/2000\/svg\" viewBox=\"0 0 320 512\" width=\"32\" height=\"32\"><path d=\"M34.52 239.03L228.87 44.69c9.37-9.37 24.57-9.37 33.94 0l22.67 22.67c9.36 9.36 9.37 24.52.04 33.9L131.49 256l154.02 154.75c9.34 9.38 9.32 24.54-.04 33.9l-22.67 22.67c-9.37 9.37-24.57 9.37-33.94 0L34.52 272.97c-9.37-9.37-9.37-24.57 0-33.94z\"><\/path><\/svg><\/button><button class=\"stk-block-carousel__button stk-block-carousel__button__next\" aria-label=\"Next slide\"><svg aria-hidden=\"true\" focusable=\"false\" data-prefix=\"fas\" data-icon=\"chevron-right\" class=\"svg-inline--fa fa-chevron-right\" xmlns=\"http:\/\/www.w3.org\/2000\/svg\" viewBox=\"0 0 320 512\" width=\"32\" height=\"32\"><path d=\"M285.476 272.971L91.132 467.314c-9.373 9.373-24.569 9.373-33.941 0l-22.667-22.667c-9.357-9.357-9.375-24.522-.04-33.901L188.505 256 34.484 101.255c-9.335-9.379-9.317-24.544.04-33.901l22.667-22.667c9.373-9.373 24.569-9.373 33.941 0L285.475 239.03c9.373 9.372 9.373 24.568.001 33.941z\"><\/path><\/svg><\/button><\/div><\/div><div class=\"stk-block-carousel__dots\" role=\"list\" data-label=\"Slide %%d\"><\/div><\/div><\/div>\n\n\n\n<p class=\"has-palette-color-7-background-color has-background\"><\/p>\n\n\n\n<p><\/p>\n","protected":false},"excerpt":{"rendered":"<p>SUV premium Audi Q8 55 TFSI Ofrece una aceleraci\u00f3n de 0 a 100 km\/h en 5,5-5,9 segundos, destacando por su gran espacio interior, dise\u00f1o deportivo con parrilla redise\u00f1ada, faros Matrix LED y una conducci\u00f3n sofisticada y \u00e1gil.\u00a0<\/p>\n","protected":false},"author":1,"featured_media":0,"parent":0,"menu_order":0,"comment_status":"closed","ping_status":"closed","template":"","meta":{"footnotes":""},"class_list":["post-839","page","type-page","status-publish","hentry"],"blocksy_meta":[],"_links":{"self":[{"href":"http:\/\/alumno05.shopenlaces.com.es\/alumno05wp\/index.php?rest_route=\/wp\/v2\/pages\/839","targetHints":{"allow":["GET"]}}],"collection":[{"href":"http:\/\/alumno05.shopenlaces.com.es\/alumno05wp\/index.php?rest_route=\/wp\/v2\/pages"}],"about":[{"href":"http:\/\/alumno05.shopenlaces.com.es\/alumno05wp\/index.php?rest_route=\/wp\/v2\/types\/page"}],"author":[{"embeddable":true,"href":"http:\/\/alumno05.shopenlaces.com.es\/alumno05wp\/index.php?rest_route=\/wp\/v2\/users\/1"}],"replies":[{"embeddable":true,"href":"http:\/\/alumno05.shopenlaces.com.es\/alumno05wp\/index.php?rest_route=%2Fwp%2Fv2%2Fcomments&post=839"}],"version-history":[{"count":1,"href":"http:\/\/alumno05.shopenlaces.com.es\/alumno05wp\/index.php?rest_route=\/wp\/v2\/pages\/839\/revisions"}],"predecessor-version":[{"id":849,"href":"http:\/\/alumno05.shopenlaces.com.es\/alumno05wp\/index.php?rest_route=\/wp\/v2\/pages\/839\/revisions\/849"}],"wp:attachment":[{"href":"http:\/\/alumno05.shopenlaces.com.es\/alumno05wp\/index.php?rest_route=%2Fwp%2Fv2%2Fmedia&parent=839"}],"curies":[{"name":"wp","href":"https:\/\/api.w.org\/{rel}","templated":true}]}}